site?
True
Is 19373 a composite number?
False
Is 137537 a composite number?
False
Is 1363 prime?
False
Is 29663 composite?
False
Is 1733 composite?
False
Is 749 a composite number?
True
Is 3027 composite?
True
Is 6779 composite?
False
Is 38501 a composite number?
False
Is 1691 a composite number?
True
Is 20841 composite?
True
Is 263182 a prime number?
False
Is 110623 a prime number?
True
Is 4439 composite?
True
Is 17401 a prime number?
True
Is 55439 prime?
True
Is 1112299 prime?
False
Is 10961 prime?
False
Is 12949 a composite number?
True
Is 266251 a composite number?
True
Is 1828033 a composite number?
True
Is 368729 composite?
False
Is 15961 a prime number?
False
Is 7773 a composite number?
True
Is 29723 composite?
False
Is 34031 composite?
False
Is 30467 a prime number?
True
Is 47413 a composite number?
True
Is 14207 a prime number?
True
Is 1499 composite?
False
Is 32367 a prime number?
False
Is 177863 a prime number?
False
Is 6609 prime?
False
Is 134353 a prime number?
True
Is 17707 a prime number?
True
Is 15783 prime?
False
Is 58783 prime?
False
Is 36973 prime?
True
Is 1073857 composite?
False
Is 9379 a prime number?
False
Is 932071 a composite number?
True
Is 42467 a composite number?
False
Is 24257 composite?
True
Is 63761 prime?
True
Is 2304239 a prime number?
False
Is 57637 a prime number?
True
Is 33001 a composite number?
True
Is 16181 composite?
True
Is 10543 composite?
True
Is 301441 prime?
False
Is 100811 a prime number?
True
Is 50983 a composite number?
True
Is 14897 prime?
True
Is 1997647 prime?
True
Is 13963 a composite number?
False
Is 41813 prime?
True
Is 8641 composite?
False
Is 10961 a composite number?
True
Is 124897 a composite number?
False
Is 217149 a composite number?
True
Is 120577 a composite number?
False
Is 98543 a prime number?
True
Is 21911 composite?
False
Is 47903 composite?
False
Is 294079 a composite number?
True
Is 227657 composite?
True
Is 337013 a composite number?
False
Is 294681 composite?
True
Is 768427 prime?
False
Is 5087 a composite number?
False
Is 1060343 composite?
False
Is 29591 a prime number?
False
Is 870607 prime?
False
Is 2153 a prime number?
True
Is 223073 prime?
False
Is 296327 a prime number?
False
Is 388551 composite?
True
Is 271274 a composite number?
True
Is 73279 prime?
False
Is 137999 a prime number?
True
Is 1061 prime?
True
Is 10007 a composite number?
False
Is 184241 a composite number?
False
Is 55967 a composite number?
False
Is 11821 composite?
False
Is 61865 prime?
False
Is 46558 prime?
False
Is 200885 a composite number?
True
Is 16081 a composite number?
True
Is 539993 a composite number?
False
Is 5581 a composite number?
False
Is 135331 a composite number?
True
Is 42281 composite?
False
Is 25013 a composite number?
False
Is 24659 a prime number?
True
Is 1100053 a composite number?
True
Is 811729 a composite number?
False
Is 32387 composite?
True
Is 1569241 a prime number?
True
Is 79049 a prime number?
False
Is 414043 a prime number?
False
Is 5424635 a composite number?
True
Is 31279 composite?
True
Is 1338334 a composite number?
True
Is 3011 prime?
True
Is 260501 a composite number?
True
Is 280607 a composite number?
False
Is 1138006 composite?
True
Is 20563 a composite number?
False
Is 16673 prime?
True
Is 491417 a prime number?
True
Is 3389 a composite number?
False
Is 49727 a prime number?
True
Is 618029 a prime number?
True
Is 43601 a prime number?
False
Is 139 a prime number?
True
Is 80861 prime?
False
Is 229397 composite?
True
Is 354001 composite?
False
Is 1637 composite?
False
Is 35779 prime?
False
Is 561439 composite?
False
Is 37371 a composite number?
True
Is 32727 prime?
False
Is 3453 a prime number?
False
Is 101377 a prime number?
True
Is 40999 a composite number?
True
Is 777203 composite?
True
Is 38413 prime?
False
Is 3983 a composite number?
True
Is 17693 composite?
True
Is 1459 composite?
False
Is 37211 prime?
False
Is 826787 prime?
False
Is 203761 a composite number?
False
Is 172243 prime?
True
Is 40879 a composite number?
False
Is 3611783 a prime number?
False
Is 13093 a composite number?
False
Is 4441 prime?
True
Is 589579 composite?
False
Is 203153 a composite number?
True
Is 193145 a composite number?
True
Is 46021 composite?
False
Is 520877 prime?
False
Is 466787 a prime number?
True
Is 443341 a composite number?
False
Is 93827 prime?
True
Is 124979 composite?
False
Is 567565 composite?
True
Is 19303 a composite number?
True
Is 157 composite?
False
Is 44101 a composite number?
False
Is 52519 a prime number?
False
Is 66327 composite?
True
Is 16127 a prime number?
True
Is 325477 prime?
True
Is 72097 prime?
False
Is 54647 a prime number?
True
Is 675959 a composite number?
False
Is 949255 a composite number?
True
Is 4741 a composite number?
True
Is 113933 composite?
False
Is 2183 a composite number?
True
Is 410577 composite?
True
Is 7039 a prime number?
True
Is 125651 a prime number?
True
Is 19835 a composite number?
True
Is 459883 prime?
True
Is 42629 a prime number?
False
Is 4339 composite?
False
Is 989231 a composite number?
False
Is 4533 prime?
False
Is 14829 a prime number?
False
Is 9166 a composite number?
True
Is 380417 a composite number?
False
Is 78473 prime?
False
Is 85549 composite?
False
Is 128339 a composite number?
False
Is 154723 a composite number?
False
Is 6117 a composite number?
True
Is 129993 a prime number?
False
Is 15859 prime?
True
Is 17011 composite?
False
Is 63889 prime?
False
Is 1766041 composite?
False
Is 714659 composite?
True
Is 116837 composite?
True
Is 3409 a composite number?
True
Is 486247 composite?
False
Is 3793 prime?
True
Is 12767 composite?
True
Is 282845 prime?
False
Is 140143 a composite number?
False
Is 376351 a composite number?
False
Is 64243 a composite number?
True
Is 50174 a prime number?
False
Is 191849 a prime number?
False
Is 15877 prime?
True
Is 472429 prime?
False
Is 220769 prime?
False
Is 368593 prime?
True
Is 30999 composite?
True
Is 1008319 a composite number?
True
Is 33721 a prime number?
True
Is 841541 a composite number?
False
Is 7261 composite?
True
Is 1249013 prime?
True
Is 3747 composite?
True
Is 120181 composite?
False
Is 118853 a prime number?
False
Is 869 prime?
False
Is 51749 prime?
True
Is 1692251 a composite number?
True
Is 855013 a composite number?
True
Is 92181 composite?
True
Is 1369 prime?
False
Is 25213 prime?
False
Is 22179 composite?
True
Is 44327 composite?
True
Is 26303 a prime number?
False
Is 831721 composite?
True
Is 1055 prime?
False
Is 27203 composite?
True
Is 182377 composite?
True
Is 399353 a composite number?
False
Is 68767 a prime number?
True
Is 34289 a prime number?
False
Is 120187 composite?
True
Is 353062 a prime number?
False
Is 13649 a prime number?
True
Is 217487 a prime number?
False
Is 15077 a composite number?
False
Is 448969 a prime number?
True
Is 37391 a prime number?
False
Is 87697 prime?
True
Is 263171 composite?
False
Is 454109 composite?
False
Is 3877 a composite number?
False
Is 2657 a prime number?
True
Is 2202559 composite?
False
Is 94082 a prime number?
False
Is 3453 composite?
True
Is 16222 a prime number?
False
Is 1390283 a composite number?
False
Is 61207 a composite number?
True
Is 3776335 prime?
False
Is 46993 prime?
True
Is 4759 a composite number?
False
Is 9479 a composite number?
False
Is 2247049 a composite number?
True
Is 422689 composite?
False
Is 39917 a prime number?
False
Is 967 a prime number?
True
Is 8951 prime?
True
Is 101687 composite?
True
Is 1074841 prime?
False
Is 606278 a composite number?
True
Is 12385 composite?
True
Is 1049 prime?
True
Is 1826369 a composite number?
True
Is 32353 prime?
True
Is 252739 a composite number?
True
Is 498257 a composite number?
False
Is 12787 a composite number?
True
Is 1025767 composite?
False
Is 469727 prime?
False
Is 10831 prime?
True
Is 18007 a prime number?
False
Is 118529 prime?
True
Is 541 a composite number?
False
Is 1431713 a composite number?
False
Is 248029 prime?
False
Is 11113 a prime number?
True
Is 19587 a composite number?
True
Is 20663 prime?
True
Is 62431 a composite number?
True
Is 14891 composite?
False
Is 29077 a composite number?
False
Is 421241 prime?
True
Is 9827 a prime number?
False
Is 5663 composite?
True
Is 39019 composite?
False
Is 37571 a prime number?
True
Is 27309 a co